) + (-186)/(-7)?
3
Suppose -4*h = 2*h + 1548. Let t = -148 - h. Let x = -37 + t. What are the prime factors of x?
73
Suppose -4*y - 1459 = 4874 - 71153. What are the prime factors of y?
5, 7, 463
Let p(k) = 38*k**2 + 112*k + 1728. What are the prime factors of p(-20)?
2, 3, 17
Suppose 2*n = 4*n + 3*y - 7, -4*n + 29 = y. Suppose -n*d + 29 = -11. Suppose 0 = -3*v + v + 5*k + 123, -d*v - 3*k + 385 = 0. What are the prime factors of v?
2, 37
Let n = -254 + 257. Suppose 5*w = n*i + 1673 + 730, i + 2411 = 5*w. What are the prime factors of w?
3, 7, 23
Let s be (-2664)/(-12) + (-4)/(4/3). Let c = 454 - s. What are the prime factors of c?
5, 47
Suppose -11354944 + 1956048 = -146*k. List the prime factors of k.
2, 13, 619
Let l(t) = -t**3 + 13*t**2 + 31*t - 9. Let m(j) = j**2 + j + 1. Let p(d) = -l(d) + 3*m(d). Let s be p(13). List the prime factors of (s/25 + 2)*5.
41
Suppose 4*d + 3*d + 58485 = 14*d. List the prime factors of d.
3, 5, 557
Let r be 4/(-8)*(2 - (1 - -1)). Suppose 2 = 4*c - 7*z + 2*z, -3*z + 6 = r. Suppose 0*i + 129 = c*o + 3*i, -3*o = i - 135. What are the prime factors of o?
2, 23
Let j be ((-1708)/(-10) - 0) + 9/45. Suppose 0 = -c - 2*c - j. Let a = -35 - c. What are the prime factors of a?
2, 11
Let j(y) = 6*y**3 + 4*y**2 - 24*y + 18. Let t be j(14). Suppose 2834 = 18*o - t. List the prime factors of o.
2, 3, 61
Suppose j - h - 199 = 115, h + 624 = 2*j. Let y(u) = -70*u + 128. Let l be y(-3). Suppose 0 = 4*z - l - j. What are the prime factors of z?
2, 3
Suppose 88*t - 12 = 91*t, 2560 = v - 5*t. List the prime factors of v.
2, 5, 127
List the prime factors of (-10)/(-16) - 3204479/(-1384).
2, 3, 193
Let w be (-24)/1*1/3. Let o(s) = 3*s**2 + 15*s + 41. What are the prime factors of o(w)?
113
Suppose 0 = 5*z + f - 3157, 4*f = -z - 4*z + 3163. Suppose -3*d + 927 = 5*m, -2*d + 9*m - 8*m = -z. List the prime factors of d.
2, 157
Let j be (-16)/(-6)*(-5 + 8). Let f be (7/((-28)/5))/((-2)/j). Suppose -3*s + 234 = -y - 216, 5*y + 740 = f*s. List the prime factors of s.
151
Suppose -4*j = 2*c - 1200, -2*c + 114 = -3*j - 1072. Suppose 5*p = p - c. Let h = p - -261. List the prime factors of h.
2, 7
List the prime factors of 190/855 + 685295/45.
97, 157
Let f(w) = -w**2 - 7*w + 36. Let p be f(-9). List the prime factors of p/(-72) - (-4738)/8.
2, 37
Let w = -621 + 606. What are the prime factors of 1/((w/9)/(-5)) + 555?
2, 3, 31
Let h = -28 - -83. Let c = h + -41. What are the prime factors of (34/(-6))/(c/15 + -1)?
5, 17
Suppose -524727 = -44*n - 83092 + 13501. List the prime factors of n.
2, 3, 431
Suppose -3*p + 98*f = 99*f - 7455, 0 = -4*p + 5*f + 9921. List the prime factors of p.
2, 3, 23
Let i(q) = 1360*q**2 - 513*q - 2038. List the prime factors of i(-4).
2, 3, 19, 191
Suppose 206882 = 66*a + 30*a - 424606. List the prime factors of a.
2, 11, 13, 23
List the prime factors of (-3*181335)/9*-1.
5, 7, 11, 157
Suppose 0*z - 1190 = 34*z. What are the prime factors of (-96)/(-15) - ((-259)/z - 8)?
7
Suppose -229903 = -10*j - v, -2*j - v = -52997 + 7022. What are the prime factors of j?
83, 277
Let l(s) = s**3 - 3*s**2 - 3*s - 4. Let c be l(4). Let j = -359 - c. Let m = -206 - j. List the prime factors of m.
3, 17
Let f(o) be the first derivative of -o**3/3 - 30*o**2 - 28*o + 125. List the prime factors of f(-24).
2, 11, 19
Let u = 8820 + -588. List the prime factors of u.
2, 3, 7
Let r be ((-2)/(-8))/(23/92). Let o(a) = 590*a**3 - a. What are the prime factors of o(r)?
19, 31
Let j be (-32)/(-8) + -3 + (4 - -2). Suppose -3*g - 500 = -h, 0 = -3*g + 19 - j. What are the prime factors of h?
2
Let u = -46071 - -74422. What are the prime factors of u?
28351
Suppose -35 = -5*f + 5*l, -6*l = -4*f - l + 32. Suppose f*n - 256 = n. Suppose i - 5*i + n = 0. What are the prime factors of i?
2
What are the prime factors of (-472576)/(-48) - 256/(-96)?
2, 1231
Suppose 22*c - 16*c = 5172. Suppose -o - 267 = -c. Suppose -4*g = 3*x - 455, 2*x + 3*x = 5*g - o. What are the prime factors of g?
2, 29
Let v = -455 - -1469. Let a = 1502 - v. What are the prime factors of a?
2, 61
Let k(b) = 149*b**2 + 123*b - 35. List the prime factors of k(-7).
3, 5, 7, 61
Let d = 291 - 188. Let b = 200 - d. List the prime factors of b.
97
Let s(f) = 2*f**2 - 11*f + 18. Let q be s(11). Let z be (2 - 1)/((-4)/(-796)). Let n = z - q. What are the prime factors of n?
2, 3, 5
Suppose -15 = -5*x + 40. Let m(s) = -s**2 + 16*s - 3. Let i be m(x). Suppose 2*n = i + 4. List the prime factors of n.
2, 7
Let r(d) be the first derivative of d**3/3 - d**2/2 + 30*d + 11362. Let l = 4 - -11. List the prime factors of r(l).
2, 3, 5
Suppose 254*b - 251*b + 3*l - 1134 = 0, 0 = -2*b - 5*l + 744. List the prime factors of b.
2, 191
Suppose -2*n - 37507 = -q, -3*q = -108*n + 110*n - 112473. List the prime factors of q.
5, 7499
Suppose -57*o = -189651 - 275241. What are the prime factors of o?
2, 2039
Let j = 92 - 100. What are the prime factors of j - -2*(-4 + 401)?
2, 3, 131
Suppose 31*s + 58*s + 26*s = 1178865. List the prime factors of s.
3, 17, 67
Let p(f) = 1499*f + 31. Let u be p(2). Suppose 14*r - r - u = 0. What are the prime factors of r?
233
Suppose -5*x + 51675 = 5*j - 21570, 3*x + 5*j - 43943 = 0. Suppose -8*v + 5*f - 3137 = -x, 2*f = 5*v - 7194. List the prime factors of v.
2, 719
Suppose -2*l - 194 = -2*q - 7*l, -5*q + 547 = -3*l. Let j = 484 - q. What are the prime factors of j?
13, 29
List the prime factors of 224782/13 - 1 - 1104/(-14352).
2, 5, 7, 13, 19
Suppose 3*x - 53 = 76. Suppose 11*f - x = 1. List the prime factors of f + 0 + 91 - 4.
7, 13
Suppose 35*y = 20485 + 10840. Let o = 424 + y. List the prime factors of o.
1319
Let x(i) = -i**3 - 2*i**2 + 11*i - 2. Let p(s) = s**3 + 5*s**2 - 9*s + 9. Let z be p(-7). Let y = z + 20. List the prime factors of x(y).
2, 19
List the prime factors of 13723 - (-1 + 11 - (-6 - (-7 + -7))).
13721
Suppose -3*z + 148 = -311. Suppose -5*a + 392 = -108. Let o = z - a. List the prime factors of o.
53
Let n = 601 + -390. Suppose -5*p - 15 = -8*p. Suppose 2*g + 3*y = n, 0*g + 545 = p*g + 4*y. List the prime factors of g.
113
Suppose -365 - 435 = -16*z. What are the prime factors of z*((-84)/(-20) - 3)?
2, 3, 5
Let b be (3 - 2)*(-2 - (-28)/4). What are the prime factors of 168 - (-13 + b - -2)?
2, 3, 29
Suppose 0 = -2*a + 4*a + 6. List the prime factors of a + 719/3 - 8/(-24).
3, 79
Let u(s) = -860*s + 2351. List the prime factors of u(-10).
47, 233
Suppose t + 1 = k, -k - 9 = -5*t + 6. Suppose -3086 = -3*r - 4*s + 3*s, 0 = k*r + 4*s - 5141. List the prime factors of r.
3, 7
Suppose -5*c - 10*c + 266999 = -155986. List the prime factors of c.
163, 173
Suppose p + 220*k - 22645 = 215*k, 2*p = -k + 45227. List the prime factors of p.
2, 5, 7, 17, 19
Let t(a) = 775*a**2 + 59*a - 164. List the prime factors of t(3).
2, 1747
Suppose 375102 = -860*q + 902*q. List the prime factors of q.
3, 13, 229
Let y(p) = p**3 + 3*p**2 + p + 11. Let v = 10 - -31. Suppose -44*q = -v*q. List the prime factors of y(q).
11
Suppose -3*a - 5*v = -3, 4*a + 10 + 18 = 4*v. Let i(y) = 2*y**2 - 35*y - 2. What are the prime factors of i(a)?
2, 5, 17
Let j(z) = 2*z**3 - 9*z**2 + 12. Let x be j(6). Suppose 4*n - i - 9 = -2*i, 4*n - 3*i = 5. Suppose -n*o = 4 - x. What are the prime factors of o?
2, 29
Let l be (-82296)/(-54) + (-2 - (-1)/1). Let z = -628 + l. List the prime factors of z.
5, 179
Let m(h) = h**3 - 15*h**2 - 11*h - 308. What are the prime factors of m(17)?
83
Let q be 3 - (4/(-26) + (-25628)/52). Let u = q + -280. List the prime factors of u.
2, 3
Suppose -4*k + 5*o + 645 = 0, -3*k - 2*k - 4*o = -796. Suppose -9*n + k = -5*n. What are the prime factors of ((-40)/(-6))/(-2)*(-504)/n?
2, 3, 7
Let q(v) = v**2 - 4*v - 10. Let i = -49 + 52. Suppose 0 = i*d + 36 - 63. List the prime factors of q(d).
5, 7
Suppose 2 + 10 = 3*v, -5*v - 58 = -3*a. Let w = 28 - a. Suppose -b = 2*c - 32, 0 = -4*b + 3*b + w. What are the prime factors of c?
3, 5
Let g(m) = -13*m + 159. Let k be g(12). Suppose -12*a + 8280 = k*a. What are the prime factors of a?
2, 3, 23
Let y(v) = -17*v**2 - 27*v + 17. Let k be y(-4). Let z = 1186 + k. What are the prime factors of z?
1039
Let q be 49*(2 + -1) - 3. Suppose -4*n - q = -14. List the prime factors of 2/(-8) - 282/n.
5, 7
Let x(a) = a**3 - 19*a**2 + 